 m(-4).
3
Let t(f) = -2*f - 1. Suppose 8*r + 15 = 3*r. Let z be t(r). Let i(y) = -2*y + 5. Give i(z).
-5
Let o = -53 + 57. Let s(c) = -2*c - 3. What is s(o)?
-11
Let j(i) = -i**2 - 4*i - 6. Let p(d) = -d**2 + 8*d + 3. Let u be p(6). Suppose -h = 2*h + u. What is j(h)?
-11
Let k(w) = 20 - 20 - 8*w. What is k(-1)?
8
Let w(l) be the second derivative of -l**3/3 + l**2 - 4*l. What is w(2)?
-2
Let o(s) = s**3 - s**2 - 2*s + 2. Let y be (-6)/(-9) - 4/(-3). Let q be (3/y + -1)*2. Let c be 2/(-1 + 3) + q. Determine o(c).
2
Let l(a) = 2*a + 1. Let g = -37 + 43. Determine l(g).
13
Let x(s) = s**2 + 8*s + 7. Let n be (-6 - (-4)/(-4)*-3) + -4. Give x(n).
0
Suppose -2*s - 2*s = 0. Suppose s = -5*f - k, 2*f = -0*f - 4*k - 18. Suppose 3*v + 2 = -f. Let j(i) = 3*i**2 + 1. What is j(v)?
4
Let d(u) = -2*u - 3. Let z(f) = 3*f. Let x be z(2). Suppose 2 + x = -4*i. What is d(i)?
1
Let x(y) = -5*y**2 + 0*y**3 - 3 + 4*y**3 + 2*y - 3*y**3 + 6. Give x(5).
13
Let v(a) = -a**2 - 2*a. Let p(k) = k**2 - 5*k + 6. Let d be p(4). Let x(i) = -2*i**2 - 4*i - 1. Let y(m) = d*x(m) - 5*v(m). What is y(-3)?
1
Let x(h) = -h**2 - 8*h + 10. Let q(r) = -2*r**2 - 15*r + 19. Let s(k) = -6*q(k) + 11*x(k). Let f be (-2)/(-2) + 12 + -1. Suppose -6*w + 3*w = f. Determine s(w).
4
Let t(d) = d**3 - 7*d**2 - 3*d + 3. Let x(u) = u**3 - 6*u**2 - 3*u + 3. Let s(o) = 4*t(o) - 5*x(o). What is s(2)?
3
Let u(f) = 5*f + 15. Let l(x) = 2*x + 7. Let n(z) = -7*l(z) + 3*u(z). Suppose -4*o - 14 = -62. Suppose 0*v + o = -v + 5*b, -3*v + 4*b - 3 = 0. Give n(v).
-1
Let u(a) = a**3 - 7*a**2 + 6*a + 7. Suppose 5*p - 3*p = 12. Calculate u(p).
7
Let k(n) = -n**3 - n**2 + 3. Let v = 15 - 11. Suppose -3*a = -t + 3, 3*t - 4*a - v = -2*t. Give k(t).
3
Let z(m) = m**2 - 7*m + 3. Suppose 7*o + 18 = 10*o. Determine z(o).
-3
Let l(m) be the first derivative of m**3/3 + 11*m**2/2 - 11*m - 4. Let y be l(-12). Let t(p) be the first derivative of -5*p**3/3 + p**2/2 + 1. What is t(y)?
-4
Let q(j) be the third derivative of j**4/12 + 4*j**3/3 + j**2. Give q(-6).
-4
Let s(o) = 2 + 4*o + 0*o + o**2 + 2. Let i(d) = 5*d**3 + 6*d**2 + 6*d + 1. Let h be i(-1). Calculate s(h).
4
Let b(m) = m**3 + 10*m**2 + 3. Suppose 0 = 4*i + 5*u + 20, -36 = 4*i - 0*u + u. Calculate b(i).
3
Let b(y) be the first derivative of -y**4/4 - 8*y**3/3 - 4*y**2 - 5*y - 20. Let i = 10 - 17. What is b(i)?
2
Let s(c) = 232*c**3 - 4*c**2 - 2*c - 116*c**3 - 117*c**3 - 3. Determine s(-4).
5
Let l(g) = 2*g + 3. Let z(k) = -3*k - 6. Let r(o) = -5*l(o) - 3*z(o). Let q be (-8)/(-6)*(-9)/(-2). Give r(q).
-3
Let w(g) = -g**3 + 5*g**2 - 4*g + 4. Let x be w(4). Let t(z) = x + 3*z**2 + z - 3*z**2 - z**3 + 3*z**2. Let q(v) = v. Let d be q(4). What is t(d)?
-8
Let w be (-5)/(5/(-14)) - -1. Suppose -2*j - w = 3*j. Let n(c) = -1. Let o(z) = -z**2 - 5*z - 8. Let f(b) = -6*n(b) + o(b). Determine f(j).
4
Let q(k) = k**2 - k. Let x(i) = i**3 + 7*i**2 - 9*i. Let y(d) = 3*q(d) - x(d). Let z be (-54)/11 + 3/(-33). Calculate y(z).
-5
Let v(m) be the second derivative of -m**5/20 + m**4/2 - 4*m**3/3 + 7*m**2/2 + 7*m. Give v(5).
-8
Let b(l) be the third derivative of l**7/84 + l**5/60 - l**4/24 + 2*l**3/3 + 2*l**2. Let j(r) be the first derivative of b(r). Give j(1).
11
Let b(s) = 14*s + 18. Let t(v) be the second derivative of 5*v**3/6 + 3*v**2 + 2*v. Let p(y) = 6*b(y) - 17*t(y). Let j be -1 + 1 - 0/1. What is p(j)?
6
Let l(t) be the first derivative of -t**2/2 - 5*t + 2. Let v(m) = m**3 + 8*m**2 - 3*m - 4. Let j be v(-8). Suppose -2*h - 3*h = j. Calculate l(h).
-1
Let s(h) = 2*h**2 - 2*h + 2. Let q(t) = -t**2 + t. Let z(g) = 3*q(g) + s(g). Give z(-2).
-4
Let g(s) be the first derivative of 3*s**4/4 - s**3 + s**2 - 3*s + 1. Suppose 4*h = -t + 14 - 0, 0 = -5*t - 2*h + 16. Determine g(t).
13
Let v(j) = -2*j + 8. Let u be v(7). Let n(g) = -g**3 - 5*g**2 + 8*g + 6. Calculate n(u).
-6
Let v be (-23)/7 + 48/168. Let f(g) = g**3 + 2*g**2 - 2*g - 1. Give f(v).
-4
Suppose 0 = 5*v - 3*p + 94, 0*v + v = 4*p - 12. Let y be 0 + -1 + v/(-5). Let r(s) = -3*s**y + 2 - 3 + 4*s**3 + s**2 - 2*s**3. What is r(1)?
-1
Let r(m) be the second derivative of m**6/360 - 3*m**4/8 + m**3/6 - m. Let a(p) be the second derivative of r(p). Let x = 97 - 97. Give a(x).
-9
Let f(p) be the first derivative of -2*p**3/3 - 2*p + 17. What is f(2)?
-10
Let j(o) = -o**3 - o**2 - 4. Suppose g + 1 = m, 0*m = -2*g - 2*m + 2. What is j(g)?
-4
Let y(u) = -u**2 + 7*u - 5. Let j(l) = 3 - 3*l**3 + 1 - l**3 + 8*l + 7*l**2 + 3*l**3. Let r be j(8). Suppose -w = -4*a - 0*a + 27, 9 = r*a + 5*w. Give y(a).
1
Let x be (-4)/(-6) - 1/(-3). Suppose 2*c - 5 = -4*s + 7, 4*s = 3*c + 2. Let t(v) = 1 + v**2 - c*v**2 + 0*v**2 + 0*v**2. Determine t(x).
0
Let l(h) = h + 1. Let i be l(0). Let c(y) = -6*y**2 + 2*y - 1. Calculate c(i).
-5
Suppose -3*g - 2*g + 20 = 0. Suppose d = 3*d - 6. Let k(c) = c**d + 5*c + 4 + c**3 - c**3 - 3*c**2 - 3*c**2. What is k(g)?
-8
Let c(a) = -a**3 - 3*a**2 + 2*a - 1. Let f = 4 + -3. Let u(q) = 5*q + 3 - 5*q - f + q. Let b be u(-5). Calculate c(b).
-7
Let t(i) be the second derivative of 2*i**3/3 + 2*i**2 + i. Suppose -c + 9 = 2*z - 4*c, 0 = 2*z - c + 1. Determine t(z).
-8
Let v(u) = 11*u - 4. Let k(h) = -7*h + 3. Suppose 0 = -r - 0 + 5. Let o(l) = r*v(l) + 8*k(l). Give o(4).
0
Let f(b) = 0*b**3 - 2*b - 2 - 5*b**2 - 5*b**3 + 4*b**3. Give f(-5).
8
Let h(y) be the second derivative of -y**3/6 + y**2 - 25*y. Determine h(3).
-1
Let n(l) = -3*l**2 - 3 - l + 3. Suppose -4*d + 2*d + 3*y - 14 = 0, 0 = d + 5*y - 6. Let f(t) = -t**2 - 1. Let o(w) = d*f(w) + n(w). What is o(0)?
4
Let k = -3 - -6. Suppose 4*f - k*m = -0*m - 3, -5*f - 3*m = -3. Let y be (-1 + f - -1)/2. Let g(q) = q**3 - q**2 - q - 7. What is g(y)?
-7
Let j(r) = -2*r - 1. Suppose 5*n + 16 = 41. Let q(p) = -p**2 + 4*p + 1. Let x be q(n). Calculate j(x).
7
Suppose 17 = 2*x + 7. Let z(m) = 0*m**2 - 5 + 5*m + m - m**2. Determine z(x).
0
Let n(i) = 9*i**3 + 6*i**2 - 8*i + 5. Let h(v) = -v**2 + v - 1. Let c = -13 + 14. Let o(j) = c*n(j) + 6*h(j). Give o(-1).
-8
Let m(t) = -4*t + 17. Let y(d) = 5*d - 17. Let z(c) = -4*m(c) - 3*y(c). Calculate z(8).
-9
Let t(a) = -a + 1. Let l(r) = r**2 - r + 2. Let p(i) = -l(i) + 4*t(i). Calculate p(-3).
2
Suppose 4 - 7 = -x. Let w(s) = x - 1 - 6 + 2*s. Calculate w(5).
6
Let y(c) be the first derivative of -c**4/12 + 4*c**3/3 - 3*c**2 - 3*c + 2. Let a(v) be the first derivative of y(v). Determine a(5).
9
Let v be 3/18 + (-26)/12. Let o = 6 + v. Let j(k) = k - 2*k**3 - 2*k**3 - 4*k**2 + 5*k**3. Calculate j(o).
4
Let j(x) = -x**2 - 7*x - 5. Let a(i) = -i + 12. Let k be a(4). Let p = -12 + k. What is j(p)?
7
Let y = 23 + -18. Suppose -4*r + y = 13. Let d(t) = t**3 + 3*t**2 - 3*t - 3. Determine d(r).
7
Let s be 0/(-1 - (4 - 3)). Suppose -j = -s*j + 3. Let g(f) = f**2 + 7*f + 3. Calculate g(j).
-9
Let b(i) be the second derivative of -i**3/3 + 7*i**2/2 - i. Suppose -f + 2*k + 4 = 3*f, 0 = f - k. Let h be (10/4)/(1/f). Determine b(h).
-3
Let w be 0/(-1*4)*1. Suppose 3*a + 14 - 2 = -l, 4*a + 16 = w. Let i(p) = p - 1. Determine i(l).
-1
Let f(d) be the third derivative of -d**6/120 + d**5/60 - d**4/24 - 2*d**3 + 19*d**2. Calculate f(0).
-12
Let g(n) = n**2 - 4*n + 3. Let h be g(5). Let o(d) = 9*d - h*d - 1 - 1. What is o(-2)?
-4
Let a be 4 + 0/(-2) + (-7 - 3). Let g(c) = c**2 + 7*c - 8. Give g(a).
-14
Let q(x) = -x. Let j(l) = -l. Let n(p) = -3*j(p) + 4*q(p). Let s(c) = -2*c - 6. Let w be s(-5). Calculate n(w).
-4
Let g = -6 - -9. Suppose -2*c = g*c - 15. Let o(l) = l - 2. Give o(c).
1
Let b = 3 + -5. Let i be 1/(b + 3) + 0. Let y(j) = -6*j + 0*j + 0*j - i. What is y(1)?
-7
Let v(r) = 1. Let x(c) = 4*c**2 - 2*c - 4. Let l(n) = 4*v(n) + x(n). Determine l(2).
12
Let k(c) be the first derivative of -c**4/4 - 5*c**3/3 - 3*c**2/2 - 23. Suppose -3 - 1 = t. Determine k(t).
-4
Let u be 2*3/(-18)*3. Let s(d) = -3*d**2 - 5*d - 1. Let l(g) = 3*g**2 + 4*g + 1. Let t(y) = -3*l(y) - 2*s(y). Calculate t(u).
-2
Let w(q) = -4*q**3 + 7*q**2. Let f(x) = 5*x**3 - 8*x**2 + x. Let z(t) = -3*f(t) - 4*w(t). What is z(5)?
10
Let d be 6/(-2 + 1 + 3). Let l(q) = q**2. Let v(j) = -3*j**2 + j - 1. Let i(x) = -11*l(x) - 4*v(x). Calculate i(d).
1
Let k(l) be the first derivative of -l**2/2 + 6*l + 8. Let q = 11 + -6. Suppose 0 = -5*w + 3*o + 2 + 1, -q*o = 5. Give k(w).
6
Let 